 + 98 = 3*s. What is the greatest common factor of s and 34?
17
Suppose 2*s - 80 = -0*s. Suppose d - s = -d. Suppose m = -0*m + d. Calculate the highest common divisor of 10 and m.
10
Suppose 3*y - 49 - 47 = 0. Calculate the highest common divisor of y and 2.
2
Suppose 2*a + 10 + 2 = 0. Let w = a + 12. Suppose 5*r - 9 = 5*y + 16, 2*r + 8 = -4*y. What is the highest common factor of w and r?
2
Let p(j) = j**3 - 12*j**2 + 13*j - 4. Let k be p(11). Calculate the greatest common factor of 144 and k.
18
Let d(y) = 7*y - 5. Let r(x) = 13*x - 9. Let w(z) = 11*d(z) - 6*r(z). Let v be w(2). Let n be v/12 - 18/(-8). Calculate the highest common factor of 2 and n.
2
Let h = -20 - -40. Suppose -2*i = -4 - 12. Let r(a) = -a**2 + 10*a - 8. Let d be r(i). Calculate the highest common factor of d and h.
4
Let x = -6 - -42. Suppose 2*g = -2*g + x. Let z = g - -1. What is the greatest common factor of 25 and z?
5
Let x = 0 + 4. Suppose 5*s - 3*t - 186 = 0, 5*s = -2*t + 123 + 53. Calculate the highest common factor of s and x.
4
Suppose 1538 = 3*o - u, 2*o - 1523 = -o - 2*u. Calculate the greatest common factor of o and 73.
73
Let a = 26 - 11. Let v = 15 - 27. Let c = v - -18. Calculate the greatest common divisor of c and a.
3
Let w(h) = 3*h**2 - 5*h + 8. Let u be w(7). Suppose 6*l + l - 168 = 0. Calculate the highest common factor of l and u.
24
Let a(x) = -x**2 + 8*x - 10. Let y be a(9). Let r = y - -40. What is the greatest common factor of 7 and r?
7
Let k(c) = c**3 + 4*c**2 + 2*c + 1. Let q be k(-3). Suppose -4*h = -37 + 5. Calculate the highest common factor of h and q.
4
Let w be (6 - -1) + -8 + 6. Calculate the highest common divisor of 2 and w.
1
Let t = 170 - 165. Let y(f) = f**2 + 4*f - 2. Let k be y(-6). What is the greatest common divisor of k and t?
5
Suppose 14*v - 836 = 466. Calculate the greatest common divisor of 3 and v.
3
Suppose 4*g = 4*w - 68, 0*w + 5*w = -3*g + 45. What is the highest common divisor of 60 and w?
12
Let v be 1 + (-2)/(-4 + 3). Let k(h) = h**3 - 4*h**2 + 4*h + 1. Let c be k(v). What is the greatest common divisor of c and 8?
4
Suppose h + 2*p - 18 = 0, 4*h = 5*p + 10 + 23. Calculate the greatest common divisor of h and 30.
6
Suppose -58 = -6*n + 206. Calculate the greatest common factor of 11 and n.
11
Let s(p) = p**2 + p - 6. Let r be s(5). Suppose -u + r = u. Suppose 0 = 3*l + 2*l - 660. What is the highest common divisor of u and l?
12
Let h = 1893 + -688. Suppose -c - 3*u = -285, -3*c - c + u + h = 0. Suppose 0 = 2*x + 2*x - c. Calculate the greatest common divisor of x and 15.
15
Let d be -2 + 3 - (6 + -19). Let y be (-10 + 1 + 2)/(-1). What is the greatest common divisor of y and d?
7
Suppose 0 = -5*m + 25, 4*d + 30 = 2*m - 0*m. Let b(u) = u**3 + 6*u**2 + 5*u + 1. Let r be b(d). What is the greatest common divisor of r and 5?
1
Let o be ((-5)/(-3))/((-1)/(-3)). Suppose 4*k = -o*x + 89, 3*k = -2*k + 5. What is the greatest common factor of 17 and x?
17
Suppose 2*f = -3*l + 42, -2*f + 24 = l + 2*f. Let z = l - 2. Let v be (-5)/1*(-24)/z. What is the highest common factor of 6 and v?
6
Suppose 4*w = 221 - 61. Calculate the highest common factor of 8 and w.
8
Let m = 193 - 78. Calculate the highest common factor of 46 and m.
23
Let p be 1469/(-9) - (-22)/99. Let i be p/(-11) + 32/176. Calculate the highest common divisor of 15 and i.
15
Let h = -5 + 8. Suppose h*z + 171 = 6*z. What is the highest common divisor of z and 38?
19
Let p = -33 + 52. Suppose 4*f = p + 13. Calculate the highest common factor of 72 and f.
8
Suppose -72 - 468 = -2*u. What is the greatest common divisor of 30 and u?
30
Let p = 22 - -3. What is the highest common divisor of 5 and p?
5
Suppose -g - 2*d + 58 = g, -4*g = 3*d - 119. Let x = 5 + -11. Let j be (8/x + 0)*-3. Calculate the greatest common factor of j and g.
4
Suppose -k = -8 - 25. Suppose 0 = -4*w + 6 + 6. Let m(s) = 4*s - 1. Let f be m(w). Calculate the greatest common factor of f and k.
11
Let w be (-452)/(-9) + 4 + (-228)/54. What is the highest common divisor of w and 25?
25
Let v = 49 + 17. Calculate the greatest common divisor of v and 22.
22
Let t be 72*(7/(-2) + 4). Calculate the highest common divisor of t and 90.
18
Suppose -3*y - 3 = -111. Suppose -p - h - 4*h = 11, h = 4*p - 40. Calculate the greatest common factor of y and p.
9
Suppose 3*d + 30 + 6 = 0. Let w(a) be the third derivative of a**4/24 + 8*a**3/3 - 34*a**2. Let g be w(d). Calculate the highest common divisor of 44 and g.
4
Let t(x) = 21*x**2 - 9*x + 6. Let n be t(-4). What is the greatest common divisor of n and 42?
42
Let l be -10*1/(-3)*3. Let t be (l + -11)/(2/(-80)). Calculate the highest common factor of t and 10.
10
Suppose w + 3*w = 256. What is the highest common divisor of 8 and w?
8
Suppose -4*j = 5*h - 47 - 5, -5*h - 3*j = -54. What is the highest common factor of h and 12?
12
Let z be 22/2 + -2 + -2. Calculate the highest common factor of z and 21.
7
Let n be (-3)/4 + (-9)/(324/(-1791)). Let m(l) = l + 2. Let u be m(5). What is the highest common factor of u and n?
7
Let w = 57 + 8. Suppose -19 = -f + j - 4, -4*f = -3*j - w. Let g = f + -8. Calculate the highest common divisor of g and 12.
12
Let j(y) = y**3 + 20*y**2 + y + 42. Let c be j(-20). Let l be (-4)/14 + (-37)/(-7). Let h be l/2*(-12)/(-15). What is the highest common divisor of h and c?
2
Suppose i - p - 31 = 3, -p + 26 = i. Let j = -16 + i. Suppose 5*v = 49 - 14. Calculate the greatest common factor of j and v.
7
Let z be (-1)/((-3)/51) - (0 + -2). What is the greatest common factor of z and 57?
19
Suppose 3*c - 65 = -5*d, -3*c = -d - 1 - 4. What is the greatest common factor of d and 2?
2
Let b(n) = n**3 - 2*n**2 + 3*n - 6. Let r be b(5). Suppose 7*t - r = 4*t. Calculate the greatest common divisor of 70 and t.
14
Let p = 12 + -7. Suppose 3*u - 45 = 2*u. What is the greatest common divisor of p and u?
5
Let o be -16*(5/2 + -2). Let m(d) = d**2 + 6*d - 11. Let l be m(o). Let y = 4 - -1. Calculate the highest common factor of l and y.
5
Let z(m) = 2*m**2 + 8*m + 6. Let y be z(-6). Suppose -4*c + 63 = 5*w - y, 0 = -5*c - 3*w + 126. What is the greatest common factor of 3 and c?
3
Let u = 84 + -38. Suppose y = 4*y - 6, 4*b = -3*y + u. Calculate the greatest common factor of b and 70.
10
Let b = -13 + 11. Let v be (-13 - (-1 - b))/(-2). What is the greatest common factor of v and 63?
7
Let g(x) = x - 5. Let m be 1*(10 + (-4 - -1)). Let i be g(m). Suppose 245 = 2*c - 5*w, -4*w + 122 = i*c - 78. Calculate the highest common divisor of 22 and c.
22
Suppose -21 = -3*p - 0*p. What is the highest common divisor of p and 14?
7
Let c(y) be the third derivative of -7*y**4/8 - 2*y**3/3 + 2*y**2. Let b be c(-4). Calculate the greatest common factor of 10 and b.
10
Let p(b) = -2*b - 1. Let l be p(-2). Suppose 0 = l*a - 5*j - 45, -a + 2*j = -2*a + 26. What is the highest common divisor of 140 and a?
20
Let m(c) = -c**2 + c. Let s be m(-1). Let z = 2 - s. Suppose -6 - 6 = -z*a. What is the highest common divisor of 12 and a?
3
Let u(f) = f**2 - f. Let n = -21 - -27. Let h be u(n). Let b be -15*(1 + -1*6). What is the greatest common factor of h and b?
15
Let j = 83 + 47. Let f(o) = -48*o + 4. Let k be f(-1). Calculate the highest common factor of j and k.
26
Suppose -t - 4*t = 5, -4*w = 3*t - 301. Calculate the highest common divisor of 19 and w.
19
Let h(t) = -10*t**3. Let i be h(-1). Let r(f) be the first derivative of -7*f**2 + 2. Let q be r(-5). What is the greatest common divisor of q and i?
10
Suppose -59 = -2*t + 7*t + 2*d, -4*t - 52 = 4*d. Let c = -9 - t. Let y(m) = -m**2 + 7*m. Let p be y(6). What is the greatest common factor of p and c?
2
Let k = -795 + 215. Let v be (-8)/36 - k/18. What is the highest common factor of v and 16?
16
Let b be (0 - -3)*(-1)/(-1). Suppose 2*n - b*n = -32. What is the highest common factor of n and 80?
16
Let o be 0 + 9 + (33 - 29). Suppose 3*x + 0*x = -4*p + 109, -3*x + 123 = -3*p. What is the greatest common factor of o and x?
13
Let a be -2 - 4/((-8)/130). What is the greatest common divisor of 9 and a?
9
Let l be 3*(1 + 0/2). Let m be 3*(48/(-9) + 2). Let s be (-36)/30*m/l. Calculate the greatest common divisor of s and 2.
2
Let c be 6/(-3) - (-29 + -1). Suppose 0 = -4*a + c - 8. Suppose a*z + 0 - 10 = 0. What is 